{"id":6983,"date":"2025-07-03T23:02:38","date_gmt":"2025-07-03T21:02:38","guid":{"rendered":"http:\/\/aro-teq.com\/?page_id=6983"},"modified":"2025-07-03T23:29:36","modified_gmt":"2025-07-03T21:29:36","slug":"integration-robotique","status":"publish","type":"page","link":"https:\/\/aro-teq.com\/index.php\/integration-robotique\/","title":{"rendered":"Integration Robotique"},"content":{"rendered":"\t\t<div data-elementor-type=\"wp-page\" data-elementor-id=\"6983\" class=\"elementor elementor-6983\">\n\t\t\t\t\t\t<section class=\"elementor-section elementor-top-section elementor-element elementor-element-6dd5e545 elementor-section-boxed elementor-section-height-default elementor-section-height-default\" data-id=\"6dd5e545\" data-element_type=\"section\" data-e-type=\"section\">\n\t\t\t\t\t\t<div class=\"elementor-container elementor-column-gap-no\">\n\t\t\t\t\t<div class=\"elementor-column elementor-col-100 elementor-top-column elementor-element elementor-element-35934f08\" data-id=\"35934f08\" data-element_type=\"column\" data-e-type=\"column\">\n\t\t\t<div class=\"elementor-widget-wrap elementor-element-populated\">\n\t\t\t\t\t\t<div class=\"elementor-element elementor-element-87b592e elementor-widget elementor-widget-heading\" data-id=\"87b592e\" data-element_type=\"widget\" data-e-type=\"widget\" data-widget_type=\"heading.default\">\n\t\t\t\t\t<h2 class=\"elementor-heading-title elementor-size-default\">Int\u00e9gration Robotique<\/h2>\t\t\t\t<\/div>\n\t\t\t\t<div class=\"elementor-element elementor-element-89ab21a elementor-widget elementor-widget-image\" data-id=\"89ab21a\" data-element_type=\"widget\" data-e-type=\"widget\" data-widget_type=\"image.default\">\n\t\t\t\t\t\t\t\t\t\t\t\t\t\t\t<img fetchpriority=\"high\" decoding=\"async\" width=\"1066\" height=\"615\" src=\"https:\/\/aro-teq.com\/wp-content\/uploads\/2025\/07\/industrie-4.jpg.webp\" class=\"attachment-full size-full wp-image-6940\" alt=\"\" srcset=\"https:\/\/aro-teq.com\/wp-content\/uploads\/2025\/07\/industrie-4.jpg.webp 1066w, https:\/\/aro-teq.com\/wp-content\/uploads\/2025\/07\/industrie-4.jpg-300x173.webp 300w, https:\/\/aro-teq.com\/wp-content\/uploads\/2025\/07\/industrie-4.jpg-1024x591.webp 1024w, https:\/\/aro-teq.com\/wp-content\/uploads\/2025\/07\/industrie-4.jpg-600x346.webp 600w\" sizes=\"100vw\" \/>\t\t\t\t\t\t\t\t\t\t\t\t\t\t\t<\/div>\n\t\t\t\t<section class=\"elementor-section elementor-inner-section elementor-element elementor-element-7a19ee1 elementor-section-full_width elementor-section-height-default elementor-section-height-default\" data-id=\"7a19ee1\" data-element_type=\"section\" data-e-type=\"section\">\n\t\t\t\t\t\t<div class=\"elementor-container elementor-column-gap-no\">\n\t\t\t\t\t<div class=\"elementor-column elementor-col-100 elementor-inner-column elementor-element elementor-element-371c4441\" data-id=\"371c4441\" data-element_type=\"column\" data-e-type=\"column\">\n\t\t\t<div class=\"elementor-widget-wrap elementor-element-populated\">\n\t\t\t\t\t\t<div class=\"elementor-element elementor-element-14e4796c elementor-widget elementor-widget-text-editor\" data-id=\"14e4796c\" data-element_type=\"widget\" data-e-type=\"widget\" data-widget_type=\"text-editor.default\">\n\t\t\t\t\t\t\t\t\t<!--StartFragment --><p>L\u2019int\u00e9gration robotique chez <strong>AROTEQ<\/strong> est au c\u0153ur de notre mission : transformer les processus industriels en solutions intelligentes, flexibles et performantes.<\/p><p>\u00a0<\/p><p>\ud83e\udd16 Ce que nous faisons<\/p><ul><li><strong>\u00c9tude et conception sur mesure<\/strong> : chaque projet commence par une analyse approfondie des besoins du client, suivie de la s\u00e9lection du robot (ABB, KUKA, FANUC, etc.) et de la d\u00e9finition de l\u2019architecture syst\u00e8me.<\/li><li><strong>Programmation et mise en service<\/strong> : nos automaticiens et roboticiens d\u00e9veloppent les trajectoires, les s\u00e9quences de production et les interfaces HMI, avec une attention particuli\u00e8re \u00e0 la s\u00e9curit\u00e9 et \u00e0 l\u2019ergonomie.<\/li><li><strong>Int\u00e9gration compl\u00e8te<\/strong> : nous assurons l\u2019int\u00e9gration m\u00e9canique, \u00e9lectrique et logicielle du robot dans l\u2019environnement client (ligne d\u2019assemblage, cellule de contr\u00f4le, poste de conditionnement\u2026).<\/li><\/ul><p>\u00a0<\/p><p>\ud83e\udde9 Nos expertises cl\u00e9s<\/p><ul><li><strong>Robotique industrielle<\/strong> : bras 6 axes, robots SCARA, portiques, etc.<\/li><li><strong>Robotique collaborative (cobots)<\/strong> : solutions s\u00e9curis\u00e9es pour le travail homme-machine.<\/li><li><strong>Vision industrielle<\/strong> : guidage robotis\u00e9, contr\u00f4le qualit\u00e9 automatis\u00e9.<\/li><li><strong>Communication industrielle<\/strong> : int\u00e9gration avec les automates, ERP, MES.<\/li><\/ul><!--EndFragment -->\t\t\t\t\t\t\t\t<\/div>\n\t\t\t\t\t<\/div>\n\t\t<\/div>\n\t\t\t\t\t<\/div>\n\t\t<\/section>\n\t\t\t\t\t<\/div>\n\t\t<\/div>\n\t\t\t\t\t<\/div>\n\t\t<\/section>\n\t\t\t\t<section class=\"elementor-section elementor-top-section elementor-element elementor-element-32cc1523 elementor-section-full_width elementor-section-height-default elementor-section-height-default\" data-id=\"32cc1523\" data-element_type=\"section\" data-e-type=\"section\">\n\t\t\t\t\t\t<div class=\"elementor-container elementor-column-gap-default\">\n\t\t\t\t\t<div class=\"elementor-column elementor-col-100 elementor-top-column elementor-element elementor-element-7f5acc2a\" data-id=\"7f5acc2a\" data-element_type=\"column\" data-e-type=\"column\" data-settings=\"{&quot;background_background&quot;:&quot;classic&quot;}\">\n\t\t\t<div class=\"elementor-widget-wrap elementor-element-populated\">\n\t\t\t\t\t\t<div class=\"elementor-element elementor-element-17a4e8a elementor-widget elementor-widget-video\" data-id=\"17a4e8a\" data-element_type=\"widget\" data-e-type=\"widget\" data-settings=\"{&quot;video_type&quot;:&quot;hosted&quot;,&quot;controls&quot;:&quot;yes&quot;}\" data-widget_type=\"video.default\">\n\t\t\t\t\t\t\t<div class=\"e-hosted-video elementor-wrapper elementor-open-inline\">\n\t\t\t\t\t<video class=\"elementor-video\" src=\"http:\/\/aro-teq.com\/wp-content\/uploads\/2025\/07\/Ligne-Automatisee_IRB1600.mp4\" controls=\"\" preload=\"metadata\" controlsList=\"nodownload\"><\/video>\n\t\t\t\t<\/div>\n\t\t\t\t\t\t<\/div>\n\t\t\t\t<div class=\"elementor-element elementor-element-6a7652be elementor-widget elementor-widget-heading\" data-id=\"6a7652be\" data-element_type=\"widget\" data-e-type=\"widget\" data-widget_type=\"heading.default\">\n\t\t\t\t\t<h2 class=\"elementor-heading-title elementor-size-default\">contactez Nous<\/h2>\t\t\t\t<\/div>\n\t\t\t\t<div class=\"elementor-element elementor-element-48d75f7a elementor-widget-tablet__width-inherit elementor-widget-mobile__width-inherit elementor-widget elementor-widget-text-editor\" data-id=\"48d75f7a\" data-element_type=\"widget\" data-e-type=\"widget\" data-widget_type=\"text-editor.default\">\n\t\t\t\t\t\t\t\t\t<p><em>1 Gibfield Park Ave Atherton Manchester M46 0SU<\/em><\/p>\t\t\t\t\t\t\t\t<\/div>\n\t\t\t\t<div class=\"elementor-element elementor-element-64b5a347 elementor-widget elementor-widget-google_maps\" data-id=\"64b5a347\" data-element_type=\"widget\" data-e-type=\"widget\" data-widget_type=\"google_maps.default\">\n\t\t\t\t\t\t\t<div class=\"elementor-custom-embed\">\n\t\t\t<iframe loading=\"lazy\"\n\t\t\t\t\tsrc=\"https:\/\/maps.google.com\/maps?q=1%20Gibfield%20Park%20Ave%20Atherton%20Manchester%20M46%200SU&#038;t=m&#038;z=16&#038;output=embed&#038;iwloc=near\"\n\t\t\t\t\ttitle=\"1 Gibfield Park Ave Atherton Manchester M46 0SU\"\n\t\t\t\t\taria-label=\"1 Gibfield Park Ave Atherton Manchester M46 0SU\"\n\t\t\t><\/iframe>\n\t\t<\/div>\n\t\t\t\t\t\t<\/div>\n\t\t\t\t\t<\/div>\n\t\t<\/div>\n\t\t\t\t\t<\/div>\n\t\t<\/section>\n\t\t\t\t<\/div>\n\t\t","protected":false},"excerpt":{"rendered":"<p>Int\u00e9gration Robotique L\u2019int\u00e9gration robotique chez AROTEQ est au c\u0153ur de notre mission : transformer les processus industriels en solutions intelligentes, flexibles et performantes. \u00a0 \ud83e\udd16 Ce que nous faisons \u00c9tude et conception sur mesure : chaque projet commence par une analyse approfondie des besoins du client, suivie de la s\u00e9lection du robot (ABB, KUKA, FANUC, &hellip; <\/p>\n<p class=\"link-more\"><a href=\"https:\/\/aro-teq.com\/index.php\/integration-robotique\/\" class=\"more-link\">Lire la suite de<span class=\"screen-reader-text\">\u00ab\u00a0Integration Robotique\u00a0\u00bb<\/span><\/a><\/p>\n","protected":false},"author":1,"featured_media":0,"parent":0,"menu_order":0,"comment_status":"closed","ping_status":"closed","template":"page-templates\/full-width-builder-bb.php","meta":{"inspiro_hide_title":false,"footnotes":""},"class_list":["post-6983","page","type-page","status-publish","hentry"],"featured_media_urls":[],"_links":{"self":[{"href":"https:\/\/aro-teq.com\/index.php\/wp-json\/wp\/v2\/pages\/6983","targetHints":{"allow":["GET"]}}],"collection":[{"href":"https:\/\/aro-teq.com\/index.php\/wp-json\/wp\/v2\/pages"}],"about":[{"href":"https:\/\/aro-teq.com\/index.php\/wp-json\/wp\/v2\/types\/page"}],"author":[{"embeddable":true,"href":"https:\/\/aro-teq.com\/index.php\/wp-json\/wp\/v2\/users\/1"}],"replies":[{"embeddable":true,"href":"https:\/\/aro-teq.com\/index.php\/wp-json\/wp\/v2\/comments?post=6983"}],"version-history":[{"count":8,"href":"https:\/\/aro-teq.com\/index.php\/wp-json\/wp\/v2\/pages\/6983\/revisions"}],"predecessor-version":[{"id":7022,"href":"https:\/\/aro-teq.com\/index.php\/wp-json\/wp\/v2\/pages\/6983\/revisions\/7022"}],"wp:attachment":[{"href":"https:\/\/aro-teq.com\/index.php\/wp-json\/wp\/v2\/media?parent=6983"}],"curies":[{"name":"wp","href":"https:\/\/api.w.org\/{rel}","templated":true}]}}